ate x(-9).
66
Let o(u) = -32*u**3 + 576*u**2 - 5*u + 80. Determine o(18).
-10
Let q(l) = l**2 - 194*l + 4069. Calculate q(170).
-11
Let b(s) = -s**3 + 47*s**2 - 4*s + 245. Determine b(47).
57
Let w(s) = -7*s**2 + s + 4. Determine w(-2).
-26
Let j(t) = 10*t**2 + 43*t - 1. Give j(-1).
-34
Let c(n) = -n**2 + 11*n + 2808. What is c(-48)?
-24
Let f(b) = -b**2 - 88*b + 527. What is f(6)?
-37
Let v(s) = -s**3 - 24*s**2 + 22*s + 14. What is v(-25)?
89
Let t(p) = -p**2 - p + 3420. Calculate t(-59).
-2
Let a(l) = 55*l + 164. Give a(-3).
-1
Let m(j) = 22*j + 31. What is m(2)?
75
Let d(u) = -183*u + 1106. Give d(6).
8
Let m(q) = q**3 - 70*q**2 + 265*q + 34. What is m(66)?
100
Let g(q) = q**3 - 86*q**2 - 465*q + 908. What is g(91)?
-2
Let m(r) = 130*r + 1838. Calculate m(-14).
18
Let k(s) = 682*s + 686. Calculate k(-1).
4
Let g(t) = 857*t + 7726. Determine g(-9).
13
Let c(p) = 69*p + 122. Calculate c(-8).
-430
Let q(b) = -b**3 - 6*b**2 + 104*b + 63. Determine q(-13).
-106
Let h(u) = 15*u**2 - 11*u - 11. Calculate h(2).
27
Let x(a) = -a**2 + 22*a + 453. Give x(33).
90
Let v(i) = 3*i**3 + 126*i**2 - 2*i - 28. What is v(-42)?
56
Let c(t) = t**3 + 21*t**2 - 93*t - 499. Calculate c(-24).
5
Let o(q) = -3*q**3 - q**2 - 13*q - 6. Calculate o(-4).
222
Let c(n) = -122*n + 985. Give c(8).
9
Let l(c) = 29*c**3 - 5*c**2 - 24*c + 28. What is l(1)?
28
Let n(a) = -115*a - 7802. What is n(-68)?
18
Let z(c) = 7*c**3 + 408*c**2 + 119*c + 128. Give z(-58).
-46
Let k(p) = 35*p + 60. Give k(-2).
-10
Let v(t) = 258*t + 267. Give v(2).
783
Let g(n) = n**3 - 12*n**2 + 236*n - 21. Calculate g(0).
-21
Let p(d) = -1123*d - 50532. Give p(-45).
3
Let c(s) = s**3 - 4*s**2 - 11*s - 1. Determine c(7).
69
Let u(k) = -2*k**2 - 6*k + 220. What is u(9)?
4
Let n(c) = 21*c - 240. Give n(22).
222
Let h(m) = -m**3 + 21*m**2 + 354*m - 71. Give h(32).
-7
Let q(c) = -c**3 - 9*c**2 - 14*c + 1. Determine q(-9).
127
Let h(k) = 4*k**2 + 81*k - 176. Give h(2).
2
Let u(h) = -21*h**2 - 12*h + 9. Give u(1).
-24
Let j(n) = n**3 + 27*n**2 - 95*n - 86. What is j(-30)?
64
Let h(i) = i**3 - 85*i**2 + 8*i - 688. Calculate h(85).
-8
Let s(t) = -t**2 + 512*t + 4173. Determine s(-8).
13
Let y(s) = 5*s**2 + 286*s - 226. Determine y(-58).
6
Let p(d) = 1043*d - 146. Determine p(-1).
-1189
Let l(b) = -b**2 - 339*b - 50. What is l(0)?
-50
Let o(d) = -d**3 - 4*d**2 + 7*d + 63. Calculate o(-4).
35
Let u(h) = -h**3 - 26*h**2 - 90*h - 1621. Determine u(-25).
4
Let n(c) = -62*c - 26. What is n(-2)?
98
Let y(u) = -2*u**2 + 79*u - 165. Calculate y(34).
209
Let b(x) = -9*x**3 + 5*x**2 + 24*x + 42. Determine b(-3).
258
Let v(x) = -115*x + 6654. Determine v(58).
-16
Let l(o) = -183*o - 5. Give l(-1).
178
Let v(f) = -2*f**2 + 602*f + 8213. Determine v(-13).
49
Let t(w) = -104*w**2 + 88*w - 87. Determine t(1).
-103
Let o(i) = -2*i**2 - 17*i - 11. Determine o(-12).
-95
Let a(v) = 788*v + 7891. Give a(-10).
11
Let o(b) = 23*b**2 + 128*b - 129. Give o(1).
22
Let x(n) = 3*n**3 - 22*n**2 - 82*n + 637. Give x(6).
1
Let x(w) = -42*w + 3954. Give x(94).
6
Let y(t) = t**2 + 25*t + 10. Give y(-22).
-56
Let u(v) = -2*v**3 + 152*v**2 + 418*v - 20317. Calculate u(77).
11
Let i(w) = -55*w - 1639. What is i(-30)?
11
Let m(l) = 113*l + 464. Calculate m(-4).
12
Let k(i) = -i**3 + 21*i**2 - 27*i + 1073. What is k(22)?
-5
Let l(f) = -27*f**2 + 68*f + 68. What is l(-1)?
-27
Let j(d) = -d**3 + 3*d**2 + 20*d + 27. Determine j(7).
-29
Let f(q) = -q**3 - 29*q**2 + 107*q + 370. Determine f(-32).
18
Let t(a) = -a**3 + 21*a**2 + 77*a - 11. What is t(-3)?
-26
Let y(n) = -159*n + 5560. Determine y(35).
-5
Let p(z) = z**3 + 15*z**2 - 63*z - 104. Give p(-18).
58
Let z(k) = -17*k + 83. Determine z(-23).
474
Let p(j) = 1494*j - 38858. What is p(26)?
-14
Let o(q) = -567*q - 27237. What is o(-48)?
-21
Let i(p) = -6*p**2 + 1259*p - 1031. Determine i(209).
14
Let h(b) = 136*b - 386. Give h(2).
-114
Let o(q) = -53*q - 521. Calculate o(-20).
539
Let l(d) = -d**3 + 50*d**2 - 144*d + 156. What is l(47)?
15
Let y(g) = -114*g**2 + 466*g - 32. What is y(4)?
8
Let b(q) = 13*q - 191. Determine b(16).
17
Let u(f) = -44*f - 1295. Calculate u(-22).
-327
Let j(g) = 5*g**2 + 202*g + 411. Determine j(-2).
27
Let z(b) = b**3 + 99*b**2 + 647*b + 282. Calculate z(-92).
6
Let s(r) = 430*r + 1250. Determine s(-3).
-40
Let o(x) = -14*x**2 - 15. Give o(0).
-15
Let w(f) = -2*f**3 - 7*f**2 + 10*f + 1. Give w(-6).
121
Let t(i) = i**2 - 96*i + 1226. Give t(28).
-678
Let w(i) = 3*i**3 + 32*i**2 + 72*i - 70. What is w(-5)?
-5
Let s(w) = 323*w - 3882. Calculate s(12).
-6
Let r(d) = 21*d + 269. What is r(-14)?
-25
Let r(g) = g**3 + 7*g**2 - 25*g + 12. Determine r(-6).
198
Let l(m) = -14*m**2 + 1080*m - 177. Give l(77).
-23
Let o(m) = -2*m**2 - 287*m + 3666. What is o(-155)?
101
Let u(w) = -45*w**2 - 17*w - 2. Give u(2).
-216
Let u(r) = -2*r + 14. What is u(8)?
-2
Let q(k) = 158*k - 2195. What is q(14)?
17
Let a(b) = b - 203. Give a(51).
-152
Let t(m) = m - 53. What is t(13)?
-40
Let k(u) = -u**3 - 7*u**2 + 120*u + 936. Calculate k(-9).
18
Let y(r) = -2*r**3 + 78*r**2 - 71*r - 187. Calculate y(38).
3
Let u(q) = 31*q - 65. What is u(13)?
338
Let z(l) = -8*l**2 + 400*l - 11. What is z(50)?
-11
Let c(u) = -117*u**2 + 342*u - 5. Give c(3).
-32
Let v(k) = -818*k + 807. What is v(1)?
-11
Let z(c) = -180*c - 1485. Give z(-8).
-45
Let a(q) = 4*q**2 - 149*q + 140. Calculate a(34).
-302
Let k(b) = -19*b + 138. Give k(7).
5
Let d(q) = -7*q**3 - 6*q**2 - 15*q - 7. Give d(-2).
55
Let k(c) = -3*c**3 + c**2 + 8*c + 24. Determine k(-4).
200
Let y(u) = -u**3 + 13*u**2 - 2*u + 2. Determine y(7).
282
Let p(z) = 3*z**3 + 38*z**2 + 21*z + 30. Give p(-12).
66
Let q(n) = 2*n**3 - 247*n**2 + 334*n + 3898. What is q(122)?
-6
Let k(b) = 2*b**2 + 21*b - 56. What is k(3)?
25
Let f(s) = s**3 + 43*s**2 + 118*s - 75. Calculate f(-40).
5
Let d(y) = -3*y**3 + 19*y**2 + 9*y - 32. Determine d(7).
-67
Let d(z) = 190*z - 15194. Give d(80).
6
Let o(l) = -l**3 + 3*l**2 + 51*l - 89. Give o(8).
-1
Let c(m) = m**3 - 7*m**2 - 10. Give c(4).
-58
Let o(g) = 21*g**2 - 3*g + 5. Give o(-3).
203
Let h(u) = u**3 + 44*u**2 - 26*u + 868. Calculate h(-45).
13
Let j(f) = -f**3 + 8*f**2 + 30*f + 3. Determine j(11).
-30
Let c(m) = 3*m**2 - 270*m + 1521. Calculate c(6).
9
Let d(o) = o**2 - 57*o - 305. Calculate d(-5).
5
Let p(z) = -z**3 + 35*z**2 - 78*z + 204. What is p(33)?
-192
Let p(y) = y**2 + 56*y - 289. What is p(-61)?
16
Let v(a) = -9*a**3 - 9*a**2 + 12*a - 6. Determine v(2).
-90
Let x(d) = -d**3 + 14*d**2 + 6*d + 164. Determine x(15).
29
Let j(n) = -97*n + 1837. Calculate j(19).
-6
Let q(v) = -321*v + 582. What is q(2)?
-60
Let u(g) = 80*g + 2247. Determine u(-28).
7
Let g(j) = j**3 - 11*j**2 + 33*j - 67. Give g(9).
68
Let l(k) = 2*k**3 - 81*k**2 + 191*k - 43. Give l(38).
-5
Let i(z) = -z**3 + 5*z**2 + 9*z - 46. Calculate i(5).
-1
Let d(l) = 71*l + 538. What is d(-7)?
41
Let b(a) = -a**2 + 3669*a - 21972. Calculate b(6).
6
Let o(v) = -3*v**3 - 12*v**2 + 84*v + 329. Calculate o(-4).
-7
Let w(b) = b**3 - 82*b**2 - 161*b - 559. Give w(84).
29
Let z(j) = j**2 - 13*j + 46. Calculate z(9).
10
Let x(q) = 6*q**2 + 58*q + 45. Calculate x(-9).
9
Let x(a) = 17*a - 238. Give x(13).
-17
Let y(z) = 185*z - 744. What is y(4)?
-4
Let a(g) = -258*g + 126. Give a(1).
-132
Let j(k) = -39*k + 849. Determine j(22).
-9
Let b(v) = -93*v - 167. What is b(1)?
-260
Let q(d) = -11*d + 73. Give q(13).
-70
Let v(h) = -276*h + 6. Calculate v(0).
6
Let x(d) = 20*d + 103. Give x(0).
103
Let v(u) = 44*u**2 - 207*u - 5. What is v(5)?
60
Let i(w) = 305*w + 2870. Determine i(-9).
125
Let u(v) = 3*v**3 - 198*v**2 - 199*v - 59. Calculate u(67).
75
Let t(n) = -n**3 + 24*n**2 - 27*n + 39. Calculate t(23).
-53
Let k(q) = -21*q**2 + 250*q + 1. Calculate k(12).
-23
Let n(q) = 26*q + 167. Calculate n(-8).
-41
Let n(z) = z**3 - 15*z**2 + 22*z + 100. Calculate n(5).
-40
Let f(r) = r**3 + 2*r**2 - 24*r - 12. What is f(4)?
-12
Let x(j) = -5*j**2 + 19*j + 74. Give x(-5).
-146
Let q(i) = i**3 - 5*i**2 + 3*i - 35. Give q(6).
19
Let j(i) = 117*i + 799. Determine j(-7).
-20
Let v(j) = -j**2 - 22*j - 123. Determine v(-7).
-18
Let h(w) = w**3 + 28*w**2 - 3*w - 20. Determine h(-28).
64
Let c(x) = x**3 - 5*x**2 - 77*x - 91. Calculate c(12).
-7
Let v(f) = 25*f + 179. Calculate v(-9).
-46
Let x(a) = 